)/3)/(2/6). Let n be 5412/d - (-24)/(-56). Let g = -272 - n. List the prime factors of g.
5, 23
Let o = -1 + 3. Suppose o*k - 164 = 420. What are the prime factors of k?
2, 73
Let x(y) = 5*y**3 + 21*y**2 - 13. Let p(t) = 6*t**3 + 23*t**2 + t - 13. Let q(a) = -6*p(a) + 7*x(a). List the prime factors of q(6).
59
Suppose 5 = -d + 16. Suppose -7*y + 40 = -d*y. Let q(i) = -i**3 - 11*i**2 - 12*i + 10. What are the prime factors of q(y)?
2, 3, 5
Let d = 3 - -1. Let v(b) = 6*b + 25*b + 2*b + 22*b + 12. List the prime factors of v(d).
2, 29
Let r be (-3)/(6/4)*15171/(-6). Suppose 0 = -16*t + 3*t + r. List the prime factors of t.
389
Let r(q) = -q**3 + 29*q**2 + 8*q - 39. Let h be r(27). Let z = h - 1104. What are the prime factors of z?
3, 59
Suppose -179*l + 21*l = -2004862. List the prime factors of l.
12689
Let x(i) = -5*i**2 - i. Let n be x(-2). What are the prime factors of -15*(n - -1) - (22 + -22)?
3, 5, 17
Let f(r) = r**2 - 24*r - 65. Let d be 6/(-15) - (-5 + 456/(-15)). List the prime factors of f(d).
2, 5
What are the prime factors of (-90)/420 + (-363603)/(-42)?
11, 787
Suppose 4*s = -5*w + 136980, -2*w - 3*s + 4611 = -50181. List the prime factors of w.
2, 3, 761
Let n(r) = -r**3 + 15*r**2 + 21*r - 9. Let j(d) = -6*d - 28. Let f be j(-7). List the prime factors of n(f).
13, 37
Let a be 130/18 - (-16)/(-72). Suppose -1111 + 110 = -a*l. List the prime factors of l.
11, 13
Let p(t) = t + 12. Let v be p(-8). Suppose v*n = -4, -4*n - 94 = 2*j - 4*j. List the prime factors of 0 + j/(9/(-3))*-5.
3, 5
List the prime factors of (-1 - 8) + 3 + 104/(-8) + 4842.
7, 13, 53
Let k(l) = -2*l**2 - 7*l + 175. Let y be k(16). Let a = -320 - y. List the prime factors of a.
3, 43
Let k(p) be the second derivative of 5*p**4/4 + 10*p**3/3 + 2*p**2 - 3*p - 3. List the prime factors of k(-12).
2, 13, 37
Suppose 4*i + 2*d = 414 + 438, 0 = -2*i + 3*d + 434. Suppose 0 = -4*k + 20, -5*m + 280 = -5*k. Let u = i - m. What are the prime factors of u?
3, 17
Let u(x) = 268*x + 85 + 81 - 173. What are the prime factors of u(3)?
797
Let h(m) = m**2 - 35*m - 71. Let u be h(-21). Let w = -629 + u. List the prime factors of w.
2, 7, 17
Let h(j) = 1413*j**2 + 22*j + 5. List the prime factors of h(2).
5701
Suppose a = 84 - 50. Let s = -32 + a. Suppose -s*z + 4*k = -136, 3*z = -z - k + 308. What are the prime factors of z?
2, 19
Let b(c) = c**3 - 6*c**2 - c - 83. Let h be b(0). Let f = 103 + h. List the prime factors of f.
2, 5
Suppose -272 - 1010 = -k. Suppose -2*t + k = i, -2*t - 1277 = -i - 3*t. Suppose -3*b - 375 = -i. List the prime factors of b.
13, 23
Suppose q - 6 = 4*q + 5*x, 3*x = 4*q - 21. Suppose -20 = 5*y, -q*y + 706 + 124 = 2*f. List the prime factors of f.
421
Suppose 0 = -w + 2*f + 12587, 4*w - 53*f - 50383 = -50*f. What are the prime factors of w?
12601
Let l = 62 + -56. Suppose c - 196 = -5*z, 0 = 2*c + l*z - z - 392. What are the prime factors of c?
2, 7
What are the prime factors of ((-592)/32 + -16)*3334/(-3)?
23, 1667
Let t = -192 + 440. Let b be 10/(-4)*(-6)/5. Suppose b*q = 10 + t. What are the prime factors of q?
2, 43
Let f(v) = 185*v + 5528. What are the prime factors of f(73)?
7, 2719
Let s = -87 + 105. Suppose -s*q = -5766 - 3360. What are the prime factors of q?
3, 13
Let c = -16649 - -36911. List the prime factors of c.
2, 3, 11, 307
Let t(a) = -17*a**3 - 18*a**2 - 18*a - 44. What are the prime factors of t(-8)?
2, 1913
Let x be (-2)/3 + 8604/27. Suppose 5*w - 4*w = x. List the prime factors of w.
2, 3, 53
Let y(o) = -2*o**2 + 32*o + 2. Let a be y(16). Suppose -2*d + 718 = a*g, -4 = -4*d + 8. What are the prime factors of g?
2, 89
Suppose 0 = -3*f - 5 - 22. Let o(k) = -k**3 - 10*k**2 - 10*k - 4. Let t be o(f). Suppose c - 4*j = 127, -3*c + t*c = -j + 236. What are the prime factors of c?
7, 17
Let l be (-9324)/(-60) + (-6)/(-10). Suppose -f + l = 3*q, -4*f + 0*f + 588 = 3*q. What are the prime factors of f?
2, 3
Let t be 44/(-2)*-4*(-9)/12. List the prime factors of ((-24244)/t)/(4/6).
19, 29
Suppose 3*w + 1375 = 4*r, -426 + 92 = -r + 4*w. List the prime factors of r.
2, 173
Suppose -5*d + 15 = 8*c - 11*c, 4*d + 5*c + 25 = 0. Suppose -1636 = -4*v - d*v - 4*u, -2*v = -3*u - 823. List the prime factors of v.
2, 5, 41
Suppose 6*m + 2 = 26. Suppose -4*d - 2*l = -2790, m*d = -5*l + l + 2796. List the prime factors of d.
2, 3, 29
Let n(p) = 3*p**3 - 56*p**2 + 41*p - 15. List the prime factors of n(19).
3, 5
Suppose n = -0*n + 4*u + 33, -2*n + 4*u + 58 = 0. Suppose 4*i = h - n, 5*i - 8 + 33 = 0. Suppose h*t - 200 = -3*t. List the prime factors of t.
5
Suppose -74*r = 5*c - 75*r - 97277, -4*c + 77795 = 3*r. What are the prime factors of c?
2, 71, 137
Let i(g) = -4*g - 27. Let c be i(-14). Suppose -b + 5*l = -5, 0*b - 3*l = 2*b + c. Let m(o) = o**3 + 11*o**2 + 2*o - 18. List the prime factors of m(b).
2, 31
Let f(n) = -7*n + 13 - 51*n**2 + 2 + 69*n**2 + 86*n**2. What are the prime factors of f(3)?
2, 3, 5, 31
Let b(z) = -4*z + 5. Let o be b(1). What are the prime factors of 54/((o - 36/(-15)) + -3)?
3, 5
Suppose -53*w = -22991 - 629651. What are the prime factors of w?
2, 47, 131
Let i(r) = r**3 - 16*r**2 + 104*r + 6. What are the prime factors of i(26)?
2, 5, 947
Let a(y) be the first derivative of -3*y**2 + 15*y + 4*y**2 + 0*y**2 + 28. What are the prime factors of a(9)?
3, 11
Suppose 0 = -3*i + 4*q + 24, 5*q - 5 + 28 = 2*i. Suppose 0 = 2*r - 2*p + 3*p + i, -r = 5*p + 11. What are the prime factors of (44/6 - r)/(6/18)?
5
Suppose 5*h + 7 = -3*s, -1 + 7 = 2*h - s. Suppose c + h = 2*c + 5*y, 3*y + 3 = 0. Suppose -u + c*u = 340. List the prime factors of u.
2, 17
Let n be 420/75*-1*(-10)/4. Suppose -2*l + n = 176. Let v = 125 + l. What are the prime factors of v?
2, 11
Suppose -84*j - 60640 = -86*j - g, 5*g - 151590 = -5*j. List the prime factors of j.
2, 15161
Let l be 2/(-10)*0 - 45. Let q = l - -62. Suppose -q = -2*b + 131. List the prime factors of b.
2, 37
Suppose 5*y - 103 + 78 = 0. Suppose y = 5*f - 25. What are the prime factors of -3 + f + 3 - (-6 + 3)?
3
Let s(i) = -16*i**2 + 2*i - 2. Let t be s(1). Let k be (-2 - 0) + (0 - t/(-2)). Let l = k + 47. List the prime factors of l.
37
Let u = 12415 + -6134. List the prime factors of u.
11, 571
Suppose 10*f + 236 - 226 = 0. What are the prime factors of 4 + f + -3 - (3 - 663)?
2, 3, 5, 11
Let k(c) = 2*c**2 + 33*c - 17193. What are the prime factors of k(129)?
2, 3, 3391
Suppose -46946 - 171529 = -45*x. List the prime factors of x.
5, 971
What are the prime factors of ((-19)/988*16367)/((-2)/(-424)*-1)?
53, 1259
Let z = 111785 + -77182. What are the prime factors of z?
34603
Let h = 48811 + -25588. List the prime factors of h.
3, 7741
Suppose -a + 4*p = -13190, 5*p - 39519 = 403*a - 406*a. What are the prime factors of a?
2, 11, 599
Suppose 0 = 12*x - 89852 + 25124. List the prime factors of x.
2, 3, 29, 31
Let h(v) = -26*v + 1083. List the prime factors of h(17).
641
Suppose 707 = 3*p - 5*g - 360, 4*p - 5*g - 1416 = 0. Let q = p - -662. What are the prime factors of q?
3, 337
Suppose 35*t + 10878 = 38*t + 3*f, -2*t + 7224 = -5*f. List the prime factors of t.
2, 1811
Let t = -615 - 264. Let v = 1460 + t. What are the prime factors of v?
7, 83
Let d = 145 - 143. Suppose d*r - 48 = q, -q + 4*q = 5*r - 141. What are the prime factors of (-7)/2*312/q?
2, 13
Suppose -p = -4*y, -5*p - 4*y = -5*y + 19. What are the prime factors of -5 + p/((-927)/921 - -1)?
3, 7, 29
Let o = -30 - -33. Let p be 36 + (-5)/1 + 1 + o. Let x = p + 12. What are the prime factors of x?
47
List the prime factors of (24 - 3658/155)/(1/(6070/4)).
607
Let j = -32686 + 56591. List the prime factors of j.
5, 7, 683
Suppose 3*u - 6 = -u + 2*q, 5*u + 12 = -4*q. Suppose u*x + 816 = -12*x. Let b = x + 154. List the prime factors of b.
2, 43
Suppose 3*i = -0*i. Let u(c) = 23*c - 76*c + 12 + 24*c + 28*c. What are the prime factors of u(i)?
2, 3
Let n(d) = 229*d**2 + 37*d - 574. List the prime factors of n(13).
2, 19, 127
Let a = 23 - 19. Let i be (-2)/(-3) - (30/(-9) + a). Suppose -246 = -4*d + l, i = -4*d - 2*l + 4*l + 248. List the prime factors of d.
61
List the prime factors of (86647/(-77)*-7)/1.
7877
Suppose -2*q = -v + 6, 5*v - q - 1 + 16 = 0. Let h(a) = -16*a - 4. Let j(b) = 17*b + 4. Let z(w) = v*h(w) - 3*j(w). List the prime factors of